e first derivative of -19*s**2/2 + s - 175. Let r(j) = -2*j + 11. Let g be r(6). Give d(g).
20
Let b(v) = -v**2 + 2*v + 5. Suppose 0 = 4*y - 6 - 14. Calculate b(y).
-10
Let b(t) = 2*t**2 + 2*t + 2. Let d = 177 - 179. What is b(d)?
6
Let t = -210 + 213. Let s(i) = 4*i - 7. What is s(t)?
5
Suppose 0 = 21*u + 11*u + 32. Let v(y) = -4*y**2 - y. Give v(u).
-3
Let f(r) = r**2 + 4*r + 5. Suppose -3*o = 2*h - 12, -7*o + 5*h - 5 = -2*o. Suppose -2*d - s - 11 = -o*s, -2*d - s = 5. What is f(d)?
5
Let w(i) be the first derivative of 73*i**3/3 + i**2/2 - 494. Calculate w(-1).
72
Let y(j) be the third derivative of j**5/60 - j**4/6 - 3*j**3/2 + 3*j**2. Suppose 0 = -9*q + 2*q + 49. Determine y(q).
12
Let q(m) = m - 7. Suppose 3*a + a = 28. Let j(o) = 2*o - 10. Let l(s) = a*q(s) - 5*j(s). Let c = 7 + -12. Calculate l(c).
16
Let x = -1446 + 1444. Let h(z) = -z**3 + z. What is h(x)?
6
Let w(c) be the first derivative of c**2 + 12*c - 292. Determine w(-6).
0
Let y(b) = -b - 5816 + 5772 - 3*b. Give y(-14).
12
Let a(f) = -f**2 + 7*f + 8. Suppose -2*z - 30 = -5*s, -3*s + 4*z + 6 + 12 = 0. What is a(s)?
14
Let v(f) = f**3 + 3*f**2 + 3. Let w be v(-3). Let h(n) = 5 + 6 + 3*n - 16 + 9. Calculate h(w).
13
Suppose -3*n + 5*s + 116 = 3*s, -s + 2 = 0. Suppose -5*i + x = -20, -2*i + n = 2*i + 4*x. Let r(f) = f - 7. Give r(i).
-2
Suppose c + 9 = -4*l, 5*l = -4*c - 1 - 2. Let o(s) = -c*s - 2*s - s**2 + 2 + 9*s. Suppose -25*i = -11*i - 84. Determine o(i).
-10
Let d(w) = -1. Let g(f) = 2*f**2 + 7*f + 17. Let t(p) = 5*d(p) + g(p). Give t(-5).
27
Let y(w) be the first derivative of -7*w**3/6 + w**2 + 22*w + 9. Let m(j) be the first derivative of y(j). Determine m(2).
-12
Suppose -r - 8 = -2*s - 0*s, -3*s + 26 = -5*r. Let i(b) = -b**3 + 5*b + s*b**3 + 2*b - 5*b**2 - 3 - 2*b. Calculate i(4).
1
Let b = -19 - -25. Let i(o) = 59 - 177 + o + 57 + 57. What is i(b)?
2
Let s(r) = r**3 - 10*r**2 + 9*r + 1. Let j be s(9). Let b(k) = 37*k**2. Give b(j).
37
Let m(v) = v**3 + v - 10. Suppose 0 = -z + p + 3, 7 = z + p + 10. What is m(z)?
-10
Let r(u) = 8 + 5 - 17 - 3*u + 7. Let t(h) be the first derivative of -h**2 - 5*h + 12. Let v be t(-4). Determine r(v).
-6
Let p(t) = -7*t - 10*t + 16*t. Let y(g) = 2*g - 16. Let b(o) = -3*p(o) - y(o). Determine b(0).
16
Suppose 4*g = -q + 10, 2*g = -10*q + 12*q. Let f(y) = -2*y. Let l(k) = 5*k - 1. Let d(x) = g*f(x) + l(x). What is d(2)?
1
Let o = -12 + 7. Let c = 6 + -3. Let s be o/((-5)/c) - -1. Let y(i) = 3*i - 5. What is y(s)?
7
Let w(o) = -13 + 8 + 1 + o + 6. Let x(j) = 7*j + 6. Let t(g) = -5*w(g) + x(g). Determine t(3).
2
Let m(b) = -2*b**2 + b**3 - 9 - 27*b + 23*b + 7*b**2. Let o = 122 - 128. Calculate m(o).
-21
Let r(m) = -16*m**3 - m**2. Suppose -2 = -l + 2. Let q = l - 3. Give r(q).
-17
Suppose p + 6*d - d + 23 = 0, 4*p - 3*d = 0. Let f be (p/5 + 1)*(-45)/(-18). Let z(y) = -18*y**3 - 2*y + 1. Give z(f).
-19
Suppose 0 = -2*d - 6, g + 2*d + 8 = -0*g. Let k = g - -6. Let q(r) = -r + 3. Determine q(k).
-1
Let r(c) = c**3 - c**2 + 2*c - 2. Let h be 160/(-6)*(-66)/(-55). Let d be 4/1 + h/16. Let n be r(d). Let f(a) = a**3 - 6*a**2 - a + 3. Determine f(n).
-3
Let o(v) = -v. Suppose -2*w + 3*y + 6 = 0, -5*w + w + y = 8. Let q be 6/9 + (-40)/w. Let z = q - 12. Give o(z).
-2
Suppose 10 + 0 = -5*p, 3*u + 4*p = -8. Let s = u + 7. Let f = 6 - s. Let k(j) = -6*j**2 - 1. Give k(f).
-7
Let q(g) = -g**2 - 6*g + 1. Let m be -3*(20/(-24))/(8/(-16)). Calculate q(m).
6
Suppose -u + 6*u - 4*j = 17, 5*u + 4 = -3*j. Let n(l) = l**3 + 6*l**2 - u - l**2 + 0*l**2 + 2*l. Determine n(-3).
11
Suppose -11*a - 20 = -6*a. Let x(s) = -s**2 - 3*s + 4. Determine x(a).
0
Let h(w) = 0*w**2 - 121*w + 7 + 253*w - w**2 - 137*w. Let r be (-5 - -4)*(-3 + 8). Calculate h(r).
7
Let f(p) = 6*p + 7 - 2*p**2 - 5*p**2 + 2*p**2. Let h(s) = -9*s**2 + 11*s + 13. Let v = -466 + 462. Let o(t) = v*h(t) + 7*f(t). What is o(4)?
5
Let u = -86 - -88. Suppose -6*j = -2*j + 4*x - 24, -3*j + 28 = -u*x. Let y(p) = -p**3 + 9*p**2 - 8*p - 1. Calculate y(j).
-1
Let t = -164 + 164. Let m(d) = -d**2 + 2. Give m(t).
2
Let h(t) = -t**3 - 7*t**2 - t - 10. Let d = 34 - 15. Suppose f = -w - 4, 3*f + d = -4*w - 0*f. What is h(w)?
-3
Let q(r) = r**3 + 5*r**2 + 3*r + 12. Let p be q(-5). Suppose -2*t = 3 - 5. Let m(a) = 0 + t + a**2 + 3*a + a - a. Give m(p).
1
Let w = 84 + -68. Let z be (w/4)/4 - (7 + -2). Let u(a) = a**3 + 3*a**2 + 3. Give u(z).
-13
Let w be 4/((-40)/66) + 66/110. Let o(s) be the third derivative of s**4/24 - s**3/3 - 3*s**2. Give o(w).
-8
Suppose -80*k + 32*k = -192. Let f(w) = w**2 - 4. What is f(k)?
12
Let f(r) = -9*r**2 - 35*r. Let w(q) = -8*q**2 - 29*q. Let u(y) = 5*f(y) - 6*w(y). Give u(1).
2
Let c be 1*8/(-1) + (-54 - -53). Let o(q) = -q**3 - 10*q**2 - 7*q + 11. Determine o(c).
-7
Let h(j) = -j + 2. Suppose o = -2*r - 0*o + 96, 5*o - 96 = -2*r. Let b = 48 - r. Determine h(b).
2
Let w(a) be the first derivative of 0*a**2 - 5*a - 5/3*a**3 + 44 - 1/4*a**4. Give w(-5).
-5
Let n(o) = -3*o**3 - o**2 + 2*o. Suppose -98 = -11*f - 120. Give n(f).
16
Suppose -5*r - 25 = -0*h - 5*h, 0 = -3*h - r + 15. Let y(s) = -s - 3 + 0*s + 1 - h. What is y(-6)?
-1
Suppose -4*n = -55 + 7. Let k = 14 - n. Let f(y) be the first derivative of y**4/4 - 2*y**3/3 + 2*y**2 - 2*y - 11. What is f(k)?
6
Let q(x) be the third derivative of -x**4/24 + 12*x**2 + 2*x. Suppose -48*i = -51*i - 9. Calculate q(i).
3
Let i(v) = 2*v**2 + 9*v. Suppose 5*c - 3*c + 8 = 0. Let o be i(c). Let w(m) = m. Determine w(o).
-4
Let q = 270 + -271. Let l(v) = -16*v**2 - v. Determine l(q).
-15
Let r(q) = q - 2. Let d(s) = -s + 17. Let p(l) = -d(l) - 2*r(l). Calculate p(-13).
0
Let y(k) = 24*k - 21. Let d be y(4). Let b = -78 + d. Let a(f) = -f**3 - 3*f**2 - 4*f - 2. What is a(b)?
10
Let i be (0/3)/((-6)/(-3)). Let s(w) = i - 2 + 6*w - 2*w**2 + 1 - 5. Let n be (5 - -7)*(-1)/(-3). Give s(n).
-14
Let o = 2650 + -2641. Let n(d) = -d**3 + 8*d**2 + 6*d - 3. Calculate n(o).
-30
Let g(z) = 3*z**3 - 71*z**2 - 22*z - 41. Let m be g(24). Let x(c) = c**2 - 7*c + 6. What is x(m)?
6
Let k be 0/(8/(-2) + 2). Let q be (-12)/(-2) + k/1. Let n(d) = 2 + d**2 - 4*d - 3*d + 3 - 2. Give n(q).
-3
Suppose 9*x - 30 = 19*x. Let p(v) = 2*v**3 + 3*v**2 + v + 3. Give p(x).
-27
Suppose -4*i + 5 = q, -3*q + 10 = i - q. Suppose i*c = -2*c. Let j(u) = -u**2 + u + 5. What is j(c)?
5
Suppose -q - 1 - 8 = -2*g, 5*g - 27 = -2*q. Let s(v) = -4*v**2 + v - 1. What is s(q)?
-4
Let w be 9/4*(-20)/(-15). Let f(b) = 2*b + 1. Let q(d) = -3*d - 2. Let g(j) = -4*f(j) - 3*q(j). Give g(w).
5
Let q(f) = -f**2 - f - 7. Let v = 2 + -7. Let a(s) = -4*s - 20. Let k be a(v). Give q(k).
-7
Let t(u) be the third derivative of u**4/12 - u**3/3 - u**2. Let i be -1*60/9 + (-1)/3. Let b be 0*(-3 - i/2) + -4. Determine t(b).
-10
Let a(d) = -4*d**2 + 9*d - 6 - 9 + 3*d**2 + 4. Let j be a(8). Let h(c) = -3*c - 4 - 4*c + 2*c - c**2. Calculate h(j).
2
Let s(m) = -4*m - 44. Let k be s(-12). Let t(a) = 3*a - 2. Let z(q) = -13*q + 8. Let h(p) = -9*t(p) - 2*z(p). Determine h(k).
-2
Let r(a) = -4*a**2 + 3*a + 1. Let w be (-8)/5 + 23/(575/(-10)). Calculate r(w).
-21
Suppose -a + 5*p - 18 = 0, -2*a - 36 = -5*a - 3*p. Let r = a - 3. Let c(h) = 2*h**2 - h. Let u(l) = -3*l**2 + 6*l - 1. Let y(z) = c(z) + u(z). Determine y(r).
3
Let v be ((-4)/14)/(6/(-21)). Let m(s) = -6*s**3 + s. What is m(v)?
-5
Let x(l) be the second derivative of -1/2*l**2 + 0*l**3 + 1/12*l**4 + 0 + 3/20*l**5 - 31*l. Suppose 3*v - 17 = 5*n, 0 = n - 5*n - 16. Calculate x(v).
-3
Let s(m) be the third derivative of 7*m**5/20 + m**4/12 + m**3/6 + 516*m**2. Determine s(-1).
20
Let o(n) = 28 - 40 + n + 2*n. Give o(6).
6
Let k be (-22)/132 + 74/12. Suppose -k*d = -10*d - 20. Let q(z) = z**3 + 4*z**2 - 5*z + 5. What is q(d)?
5
Suppose -2*s = -5*s + 9. Suppose -2 = -n + s. Let p(d) = d**2 - 3*d + 2. What is p(n)?
12
Let r(l) = 0 - 3 - 5 - l. Let b(z) = 8*z - 4. Let c be b(5). Let x be ((-3)/(-6))/((-3)/c). Determine r(x).
-2
Let d = 43 - 48. Let c(w) = -w**2 - w - 1. Let v(n) = -4*n**2 + 2*n - 2. Let t(i) = d*c(i) + v(i). Give t(-6).
-3
Let l(p) = 2*p**2 - 3. Let b(c) = 2*c**2 - 1. Let m(v) = 2*b(v) - l(v). What is m(3)?
19
Let o(c) = c + 3. Let f(a) = -a**3 - 6*a**2 - 7*a + 7. Let z be f(-4). Suppose 9 = l - z*s, l - s + 11 = -4*l. Calculate o(l).
0
Suppose -5*p